{"id":39,"date":"2020-10-10T11:43:59","date_gmt":"2020-10-10T11:43:59","guid":{"rendered":"https:\/\/lacompaniadelupe.com\/?page_id=39"},"modified":"2025-07-02T18:59:41","modified_gmt":"2025-07-02T18:59:41","slug":"quienes-somos","status":"publish","type":"page","link":"https:\/\/lacompaniadelupe.com\/index.php\/quienes-somos\/","title":{"rendered":"Qui\u00e9nes somos"},"content":{"rendered":"\n<p><strong>Creatividad, energ\u00eda y profesionalismo: eso define a nuestro equipo.<br>Gracias a su talento, hoy ofrecemos dos experiencias \u00fanicas: aventuras tem\u00e1ticas dise\u00f1adas para vivir momentos inolvidables, y contenidos audiovisuales que cuentan historias.<\/strong><\/p>\n\n\n\n<p><strong> <\/strong><\/p>\n\n\n\n<h2 class=\"wp-block-heading\">Aventuras tem\u00e1ticas<\/h2>\n\n\n\n<figure class=\"wp-block-image size-large\"><img loading=\"lazy\" decoding=\"async\" width=\"1024\" height=\"619\" src=\"https:\/\/lacompaniadelupe.com\/wp-content\/uploads\/2020\/10\/los_tres-1024x619.png\" alt=\"\" class=\"wp-image-60\" srcset=\"https:\/\/lacompaniadelupe.com\/wp-content\/uploads\/2020\/10\/los_tres-1024x619.png 1024w, https:\/\/lacompaniadelupe.com\/wp-content\/uploads\/2020\/10\/los_tres-300x181.png 300w, https:\/\/lacompaniadelupe.com\/wp-content\/uploads\/2020\/10\/los_tres-768x464.png 768w, https:\/\/lacompaniadelupe.com\/wp-content\/uploads\/2020\/10\/los_tres.png 1107w\" sizes=\"auto, (max-width: 1024px) 100vw, 1024px\" \/><\/figure>\n\n\n\n<p><strong>Somos expertos en aventuras tem\u00e1ticas.<\/strong><\/p>\n\n\n\n<p><strong>Estamos especializados en teatro participativo de peque\u00f1o formato, ideal para celebraciones \u00fanicas: aniversarios, despedidas de solter@s, reuniones de amig@s, eventos de empresa, asociaciones, entidades y m\u00e1s. Una experiencia cercana, divertida y hecha a medida para cada grupo.<\/strong><\/p>\n\n\n\n<p><strong>Nuestras representaciones contienen una sugerente mezcla de Magia y Misterio.<\/strong><\/p>\n\n\n\n<p><strong>Si te apasionan los misterios, no esperes a que llegue Halloween para divertirte. \u201cAsesinato en Milton Road\u201d es un espect\u00e1culo diferente, intrigante, m\u00e1gico y lleno de sorpresas. \u00a1V\u00edvelo en cualquier momento del a\u00f1o!<\/strong><\/p>\n\n\n\n<p><strong>Tambi\u00e9n podemos organizar una actividad \u201ca Medida\u201d.<\/strong><\/p>\n\n\n\n<h4 class=\"wp-block-heading\">Productora<\/h4>\n\n\n\n<p><strong>Todo comienza con una idea. A partir de ah\u00ed, nuestro equipo le da vida a trav\u00e9s del guion, la c\u00e1mara, la fotograf\u00eda, la edici\u00f3n, el color, el sonido y la m\u00fasica. Cada detalle suma, cada etapa cuenta.<\/strong><\/p>\n\n\n\n<p><strong>Podr\u00e1s ver algunos de nuestros trabajos en la galer\u00eda audiovisual.<\/strong><\/p>\n\n\n\n<p><strong>Los trabajos realizados para celebraciones, aniversarios u otros eventos personales no ser\u00e1n incluidos en nuestra galer\u00eda. Respetamos la privacidad de nuestros clientes, por lo que este tipo de proyectos pertenece exclusivamente al \u00e1mbito personal y no ser\u00e1 mostrado p\u00fablicamente.<\/strong><\/p>\n","protected":false},"excerpt":{"rendered":"<p>Creatividad, energ\u00eda y profesionalismo: eso define a nuestro equipo.Gracias a su talento, hoy ofrecemos dos experiencias \u00fanicas: aventuras tem\u00e1ticas dise\u00f1adas para vivir momentos inolvidables, y contenidos audiovisuales que cuentan historias. Aventuras tem\u00e1ticas Somos expertos en aventuras tem\u00e1ticas. Estamos especializados en teatro participativo de peque\u00f1o formato, ideal para celebraciones \u00fanicas: aniversarios, despedidas de solter@s, reuniones de [&hellip;]<\/p>\n","protected":false},"author":1,"featured_media":197,"parent":0,"menu_order":0,"comment_status":"closed","ping_status":"closed","template":"","meta":{"footnotes":""},"class_list":["post-39","page","type-page","status-publish","has-post-thumbnail","hentry"],"yoast_head":"<!-- This site is optimized with the Yoast SEO plugin v15.1.1 - https:\/\/yoast.com\/wordpress\/plugins\/seo\/ -->\n<title>Qui\u00e9nes somos - La Compa\u00f1ia de Lupe<\/title>\n<meta name=\"description\" content=\"Breve descripci\u00f3n del equipo encargado de la realizaci\u00f3n de los contenidos audiovisuales y aventuras tem\u00e1ticas\" \/>\n<meta name=\"robots\" content=\"index, follow, max-snippet:-1, max-image-preview:large, max-video-preview:-1\" \/>\n<link rel=\"canonical\" href=\"https:\/\/lacompaniadelupe.com\/index.php\/quienes-somos\/\" \/>\n<meta property=\"og:locale\" content=\"es_ES\" \/>\n<meta property=\"og:type\" content=\"article\" \/>\n<meta property=\"og:title\" content=\"Qui\u00e9nes somos - La Compa\u00f1ia de Lupe\" \/>\n<meta property=\"og:description\" content=\"Breve descripci\u00f3n del equipo encargado de la realizaci\u00f3n de los contenidos audiovisuales y aventuras tem\u00e1ticas\" \/>\n<meta property=\"og:url\" content=\"https:\/\/lacompaniadelupe.com\/index.php\/quienes-somos\/\" \/>\n<meta property=\"og:site_name\" content=\"La Compa\u00f1ia de Lupe\" \/>\n<meta property=\"article:publisher\" content=\"https:\/\/www.facebook.com\/lacompaniadelupe\/\" \/>\n<meta property=\"article:modified_time\" content=\"2025-07-02T18:59:41+00:00\" \/>\n<meta property=\"og:image\" content=\"https:\/\/lacompaniadelupe.com\/wp-content\/uploads\/2020\/10\/botellas_pequenas.jpg\" \/>\n\t<meta property=\"og:image:width\" content=\"510\" \/>\n\t<meta property=\"og:image:height\" content=\"340\" \/>\n<meta name=\"twitter:card\" content=\"summary_large_image\" \/>\n<meta name=\"twitter:description\" content=\"Breve descripci\u00f3n del equipo encargado de la realizaci\u00f3n de los contenidos audiovisuales y aventuras tem\u00e1ticas\" \/>\n<meta name=\"twitter:image\" content=\"https:\/\/lacompaniadelupe.com\/wp-content\/uploads\/2020\/10\/botellas_pequenas.jpg\" \/>\n<script type=\"application\/ld+json\" class=\"yoast-schema-graph\">{\"@context\":\"https:\/\/schema.org\",\"@graph\":[{\"@type\":\"Organization\",\"@id\":\"https:\/\/lacompaniadelupe.com\/#organization\",\"name\":\"La Compa\\u00f1ia de Lupe\",\"url\":\"https:\/\/lacompaniadelupe.com\/\",\"sameAs\":[\"https:\/\/www.facebook.com\/lacompaniadelupe\/\",\"https:\/\/www.youtube.com\/channel\/UCd0RzECLfuVDtvf2xhSRvXA\"],\"logo\":{\"@type\":\"ImageObject\",\"@id\":\"https:\/\/lacompaniadelupe.com\/#logo\",\"inLanguage\":\"es\",\"url\":\"https:\/\/lacompaniadelupe.com\/wp-content\/uploads\/2020\/10\/logo-e1602354555723.png\",\"width\":400,\"height\":270,\"caption\":\"La Compa\\u00f1ia de Lupe\"},\"image\":{\"@id\":\"https:\/\/lacompaniadelupe.com\/#logo\"}},{\"@type\":\"WebSite\",\"@id\":\"https:\/\/lacompaniadelupe.com\/#website\",\"url\":\"https:\/\/lacompaniadelupe.com\/\",\"name\":\"La Compa\\u00f1ia de Lupe\",\"description\":\"\",\"publisher\":{\"@id\":\"https:\/\/lacompaniadelupe.com\/#organization\"},\"potentialAction\":[{\"@type\":\"SearchAction\",\"target\":\"https:\/\/lacompaniadelupe.com\/?s={search_term_string}\",\"query-input\":\"required name=search_term_string\"}],\"inLanguage\":\"es\"},{\"@type\":\"ImageObject\",\"@id\":\"https:\/\/lacompaniadelupe.com\/index.php\/quienes-somos\/#primaryimage\",\"inLanguage\":\"es\",\"url\":\"https:\/\/lacompaniadelupe.com\/wp-content\/uploads\/2020\/10\/botellas_pequenas.jpg\",\"width\":510,\"height\":340},{\"@type\":\"WebPage\",\"@id\":\"https:\/\/lacompaniadelupe.com\/index.php\/quienes-somos\/#webpage\",\"url\":\"https:\/\/lacompaniadelupe.com\/index.php\/quienes-somos\/\",\"name\":\"Qui\\u00e9nes somos - La Compa\\u00f1ia de Lupe\",\"isPartOf\":{\"@id\":\"https:\/\/lacompaniadelupe.com\/#website\"},\"primaryImageOfPage\":{\"@id\":\"https:\/\/lacompaniadelupe.com\/index.php\/quienes-somos\/#primaryimage\"},\"datePublished\":\"2020-10-10T11:43:59+00:00\",\"dateModified\":\"2025-07-02T18:59:41+00:00\",\"description\":\"Breve descripci\\u00f3n del equipo encargado de la realizaci\\u00f3n de los contenidos audiovisuales y aventuras tem\\u00e1ticas\",\"inLanguage\":\"es\",\"potentialAction\":[{\"@type\":\"ReadAction\",\"target\":[\"https:\/\/lacompaniadelupe.com\/index.php\/quienes-somos\/\"]}]}]}<\/script>\n<!-- \/ Yoast SEO plugin. -->","_links":{"self":[{"href":"https:\/\/lacompaniadelupe.com\/index.php\/wp-json\/wp\/v2\/pages\/39","targetHints":{"allow":["GET"]}}],"collection":[{"href":"https:\/\/lacompaniadelupe.com\/index.php\/wp-json\/wp\/v2\/pages"}],"about":[{"href":"https:\/\/lacompaniadelupe.com\/index.php\/wp-json\/wp\/v2\/types\/page"}],"author":[{"embeddable":true,"href":"https:\/\/lacompaniadelupe.com\/index.php\/wp-json\/wp\/v2\/users\/1"}],"replies":[{"embeddable":true,"href":"https:\/\/lacompaniadelupe.com\/index.php\/wp-json\/wp\/v2\/comments?post=39"}],"version-history":[{"count":13,"href":"https:\/\/lacompaniadelupe.com\/index.php\/wp-json\/wp\/v2\/pages\/39\/revisions"}],"predecessor-version":[{"id":332,"href":"https:\/\/lacompaniadelupe.com\/index.php\/wp-json\/wp\/v2\/pages\/39\/revisions\/332"}],"wp:featuredmedia":[{"embeddable":true,"href":"https:\/\/lacompaniadelupe.com\/index.php\/wp-json\/wp\/v2\/media\/197"}],"wp:attachment":[{"href":"https:\/\/lacompaniadelupe.com\/index.php\/wp-json\/wp\/v2\/media?parent=39"}],"curies":[{"name":"wp","href":"https:\/\/api.w.org\/{rel}","templated":true}]}}