{"id":65,"date":"2020-10-10T19:34:28","date_gmt":"2020-10-10T19:34:28","guid":{"rendered":"https:\/\/lacompaniadelupe.com\/?page_id=65"},"modified":"2022-06-05T15:19:30","modified_gmt":"2022-06-05T15:19:30","slug":"galeria","status":"publish","type":"page","link":"https:\/\/lacompaniadelupe.com\/index.php\/galeria\/","title":{"rendered":"Galer\u00eda audiovisual"},"content":{"rendered":"\n<h4 class=\"wp-block-heading\"><strong>Marion, el cortometraje<\/strong><\/h4>\n\n\n\n<figure class=\"wp-block-embed-youtube wp-block-embed is-type-video is-provider-youtube wp-embed-aspect-16-9 wp-has-aspect-ratio\"><div class=\"wp-block-embed__wrapper\">\n<iframe loading=\"lazy\" title=\"MARION Cortometraje\" width=\"580\" height=\"326\" src=\"https:\/\/www.youtube.com\/embed\/dg1sbe2sJ4I?feature=oembed\" frameborder=\"0\" allow=\"accelerometer; autoplay; clipboard-write; encrypted-media; gyroscope; picture-in-picture; web-share\" referrerpolicy=\"strict-origin-when-cross-origin\" allowfullscreen><\/iframe>\n<\/div><\/figure>\n\n\n\n<p class=\"has-text-align-left\"><strong>Un asesino&#8230;una verdad por descubrir. El mal nunca queda sin castigo. O s\u00ed&#8230;?<\/strong><\/p>\n\n\n\n<p class=\"has-text-align-left\"><strong>Cortometraje producido por la compa\u00f1\u00eda de Lupe y Egrand Production films.<\/strong><\/p>\n\n\n\n<h4 class=\"wp-block-heading\"><strong>\u00abAntes de dormir\u00bb. <\/strong><\/h4>\n\n\n\n<p><strong>Es una serie, sobre misterios que a\u00fan contin\u00faan sin repuestas.<\/strong><\/p>\n\n\n\n<p><strong>Promo de la serie \u00abAntes de dormir\u00bb<\/strong><\/p>\n\n\n\n<figure class=\"wp-block-image size-large\"><a href=\"https:\/\/www.facebook.com\/327650324285544\/videos\/489386434778598\/\"><img loading=\"lazy\" decoding=\"async\" width=\"841\" height=\"469\" src=\"https:\/\/lacompaniadelupe.com\/wp-content\/uploads\/2020\/11\/promo.jpg\" alt=\"\" class=\"wp-image-256\" srcset=\"https:\/\/lacompaniadelupe.com\/wp-content\/uploads\/2020\/11\/promo.jpg 841w, https:\/\/lacompaniadelupe.com\/wp-content\/uploads\/2020\/11\/promo-300x167.jpg 300w, https:\/\/lacompaniadelupe.com\/wp-content\/uploads\/2020\/11\/promo-768x428.jpg 768w\" sizes=\"auto, (max-width: 841px) 100vw, 841px\" \/><\/a><\/figure>\n\n\n\n<p><strong>Episodio 1<\/strong><\/p>\n\n\n\n<p><strong>En este primer cap\u00edtulo, tratamos el accidente de aviaci\u00f3n ocurrido en el Montseny, el 3 julio de 1970<\/strong><\/p>\n\n\n\n<figure class=\"wp-block-embed-youtube wp-block-embed is-type-video is-provider-youtube wp-embed-aspect-16-9 wp-has-aspect-ratio\"><div class=\"wp-block-embed__wrapper\">\n<iframe loading=\"lazy\" title=\"Antes de dormir 1. El accidente a\u00e9reo del Montseny\" width=\"580\" height=\"326\" src=\"https:\/\/www.youtube.com\/embed\/AuNH-VK72RM?feature=oembed\" frameborder=\"0\" allow=\"accelerometer; autoplay; clipboard-write; encrypted-media; gyroscope; picture-in-picture; web-share\" referrerpolicy=\"strict-origin-when-cross-origin\" allowfullscreen><\/iframe>\n<\/div><\/figure>\n\n\n\n<p><strong>Episodio 2<\/strong><\/p>\n\n\n\n<p><strong>Belchite. Psicofon\u00edas, presencias y leyendas conviven entre estas ruinas.<\/strong><\/p>\n\n\n\n<figure class=\"wp-block-embed-youtube wp-block-embed is-type-video is-provider-youtube wp-embed-aspect-16-9 wp-has-aspect-ratio\"><div class=\"wp-block-embed__wrapper\">\n<iframe loading=\"lazy\" title=\"Antes de dormir 2. Belchite\" width=\"580\" height=\"326\" src=\"https:\/\/www.youtube.com\/embed\/c4eqLhIOhEI?feature=oembed\" frameborder=\"0\" allow=\"accelerometer; autoplay; clipboard-write; encrypted-media; gyroscope; picture-in-picture; web-share\" referrerpolicy=\"strict-origin-when-cross-origin\" allowfullscreen><\/iframe>\n<\/div><\/figure>\n\n\n\n<p><strong>Episodio 3<\/strong><\/p>\n\n\n\n<p><strong>Francesc Canals Ambr\u00f3s, m\u00e1s conocido como el \u00abSantet de Poblenou\u00bb. Una historia que se mueve entre la leyenda y la realidad<\/strong><\/p>\n\n\n\n<figure class=\"wp-block-embed-youtube wp-block-embed is-type-video is-provider-youtube wp-embed-aspect-16-9 wp-has-aspect-ratio\"><div class=\"wp-block-embed__wrapper\">\n<iframe loading=\"lazy\" title=\"Antes de dormir 3. El santet de Poblenou\" width=\"580\" height=\"326\" src=\"https:\/\/www.youtube.com\/embed\/nSn1QOCkFTQ?feature=oembed\" frameborder=\"0\" allow=\"accelerometer; autoplay; clipboard-write; encrypted-media; gyroscope; picture-in-picture; web-share\" referrerpolicy=\"strict-origin-when-cross-origin\" allowfullscreen><\/iframe>\n<\/div><\/figure>\n\n\n\n<p><strong>Episodio<\/strong> <strong>4<\/strong><\/p>\n\n\n\n<p><strong>En 1887 Berenguer Sauni\u00e8re, fue destinado a la peque\u00f1a aldea Rennes le Ch\u00e2teau. Encontr\u00f3 miseria y ruinas. \u00bfC\u00f3mo pudo este modesto p\u00e1rroco, restaurar la iglesia, construir villa Betania, la torre Magdala o el invernadero gastando una fortuna?<\/strong><\/p>\n\n\n\n<figure class=\"wp-block-embed-youtube wp-block-embed is-type-video is-provider-youtube wp-embed-aspect-16-9 wp-has-aspect-ratio\"><div class=\"wp-block-embed__wrapper\">\n<iframe loading=\"lazy\" title=\"Antes de Dormir 4. El misterio de Rennes le Ch\u00e2teau\" width=\"580\" height=\"326\" src=\"https:\/\/www.youtube.com\/embed\/6_Xw1PuKpxQ?feature=oembed\" frameborder=\"0\" allow=\"accelerometer; autoplay; clipboard-write; encrypted-media; gyroscope; picture-in-picture; web-share\" referrerpolicy=\"strict-origin-when-cross-origin\" allowfullscreen><\/iframe>\n<\/div><\/figure>\n\n\n\n<p><strong>Episodio 5<\/strong><\/p>\n\n\n\n<p><strong>En la primavera de 1983, fue encontrada una ni\u00f1a vagando por los bosques de Collserola. La investigaci\u00f3n policial conecta este caso con la desaparici\u00f3n de una ni\u00f1a dos a\u00f1os antes.<\/strong><\/p>\n\n\n\n<figure class=\"wp-block-embed-youtube wp-block-embed is-type-video is-provider-youtube wp-embed-aspect-16-9 wp-has-aspect-ratio\"><div class=\"wp-block-embed__wrapper\">\n<iframe loading=\"lazy\" title=\"Antes de dormir 5. Expediente Collserola\" width=\"580\" height=\"326\" src=\"https:\/\/www.youtube.com\/embed\/COLFxZna3q0?feature=oembed\" frameborder=\"0\" allow=\"accelerometer; autoplay; clipboard-write; encrypted-media; gyroscope; picture-in-picture; web-share\" referrerpolicy=\"strict-origin-when-cross-origin\" allowfullscreen><\/iframe>\n<\/div><\/figure>\n\n\n\n<h4 class=\"wp-block-heading\">La realidad escondida<\/h4>\n\n\n\n<p><strong>Una miniserie realizada en el a\u00f1o 2016, por encargo de la empresa  Z-Infection<\/strong><\/p>\n\n\n\n<p><strong>Un viaje al porqu\u00e9 de la infecci\u00f3n zombie&#8230; \u00bfC\u00f3mo pudo pasar todo esto?<\/strong><\/p>\n\n\n\n<figure class=\"wp-block-embed-youtube wp-block-embed is-type-video is-provider-youtube wp-embed-aspect-16-9 wp-has-aspect-ratio\"><div class=\"wp-block-embed__wrapper\">\n<iframe loading=\"lazy\" title=\"Z-Inf3ction | La realidad escondida | Parte 1\" width=\"580\" height=\"326\" src=\"https:\/\/www.youtube.com\/embed\/2BZFU9mk46g?feature=oembed\" frameborder=\"0\" allow=\"accelerometer; autoplay; clipboard-write; encrypted-media; gyroscope; picture-in-picture; web-share\" referrerpolicy=\"strict-origin-when-cross-origin\" allowfullscreen><\/iframe>\n<\/div><\/figure>\n\n\n\n<p class=\"has-text-align-center\"><strong>Episodio 2<\/strong><\/p>\n\n\n\n<figure class=\"wp-block-embed-youtube wp-block-embed is-type-video is-provider-youtube wp-embed-aspect-16-9 wp-has-aspect-ratio\"><div class=\"wp-block-embed__wrapper\">\n<iframe loading=\"lazy\" title=\"Z-Inf3ction | La realidad escondida | Parte 2\" width=\"580\" height=\"326\" src=\"https:\/\/www.youtube.com\/embed\/tcSFenHdc4I?feature=oembed\" frameborder=\"0\" allow=\"accelerometer; autoplay; clipboard-write; encrypted-media; gyroscope; picture-in-picture; web-share\" referrerpolicy=\"strict-origin-when-cross-origin\" allowfullscreen><\/iframe>\n<\/div><\/figure>\n\n\n\n<p class=\"has-text-align-center\"><strong>Episodio 3<\/strong><\/p>\n\n\n\n<figure class=\"wp-block-embed-youtube wp-block-embed is-type-video is-provider-youtube wp-embed-aspect-16-9 wp-has-aspect-ratio\"><div class=\"wp-block-embed__wrapper\">\n<iframe loading=\"lazy\" title=\"Z-Inf3ction | La realidad escondida | Parte 3\" width=\"580\" height=\"326\" src=\"https:\/\/www.youtube.com\/embed\/yOI_xCpmsyM?feature=oembed\" frameborder=\"0\" allow=\"accelerometer; autoplay; clipboard-write; encrypted-media; gyroscope; picture-in-picture; web-share\" referrerpolicy=\"strict-origin-when-cross-origin\" allowfullscreen><\/iframe>\n<\/div><\/figure>\n\n\n\n<p><strong>Teaser realizado para la promoci\u00f3n \u00abzombies en La Llagosta\u00bb<\/strong><\/p>\n\n\n\n<div class=\"wp-block-image\"><figure class=\"aligncenter size-large\"><a href=\"https:\/\/www.facebook.com\/zinf3ction\/videos\/227074087707721\/?__so__=channel_tab&amp;__rv__=all_videos_card\" target=\"_blank\" rel=\"noopener noreferrer\"><img loading=\"lazy\" decoding=\"async\" width=\"839\" height=\"440\" src=\"https:\/\/lacompaniadelupe.com\/wp-content\/uploads\/2020\/11\/teaser1.jpg\" alt=\"\" class=\"wp-image-258\" srcset=\"https:\/\/lacompaniadelupe.com\/wp-content\/uploads\/2020\/11\/teaser1.jpg 839w, https:\/\/lacompaniadelupe.com\/wp-content\/uploads\/2020\/11\/teaser1-300x157.jpg 300w, https:\/\/lacompaniadelupe.com\/wp-content\/uploads\/2020\/11\/teaser1-768x403.jpg 768w\" sizes=\"auto, (max-width: 839px) 100vw, 839px\" \/><\/a><\/figure><\/div>\n\n\n\n<p><strong>Segundo t<\/strong><b>easer realizado para la promoci\u00f3n \u00abzombies en La Llagosta\u00bb<\/b><\/p>\n\n\n\n<figure class=\"wp-block-image size-large\"><a href=\"https:\/\/fb.watch\/dsfJqQwWrl\/\" target=\"_blank\" rel=\"noopener noreferrer\"><img loading=\"lazy\" decoding=\"async\" width=\"844\" height=\"364\" src=\"https:\/\/lacompaniadelupe.com\/wp-content\/uploads\/2020\/11\/teaser-2.jpg\" alt=\"\" class=\"wp-image-259\" srcset=\"https:\/\/lacompaniadelupe.com\/wp-content\/uploads\/2020\/11\/teaser-2.jpg 844w, https:\/\/lacompaniadelupe.com\/wp-content\/uploads\/2020\/11\/teaser-2-300x129.jpg 300w, https:\/\/lacompaniadelupe.com\/wp-content\/uploads\/2020\/11\/teaser-2-768x331.jpg 768w\" sizes=\"auto, (max-width: 844px) 100vw, 844px\" \/><\/a><\/figure>\n\n\n\n<h4 class=\"wp-block-heading\"><strong>Puertas Abiertas<\/strong><\/h4>\n\n\n\n<p><strong>Trabajo realizado para la escuela Gass\u00f3 i Vidal, en su campa\u00f1a de \u00abPuertas Abiertas\u00bb<\/strong><\/p>\n\n\n\n<figure class=\"wp-block-embed-youtube wp-block-embed is-type-video is-provider-youtube wp-embed-aspect-16-9 wp-has-aspect-ratio\"><div class=\"wp-block-embed__wrapper\">\n<iframe loading=\"lazy\" title=\"video gasso\" width=\"580\" height=\"326\" src=\"https:\/\/www.youtube.com\/embed\/tI0PH9IWBTY?feature=oembed\" frameborder=\"0\" allow=\"accelerometer; autoplay; clipboard-write; encrypted-media; gyroscope; picture-in-picture; web-share\" referrerpolicy=\"strict-origin-when-cross-origin\" allowfullscreen><\/iframe>\n<\/div><\/figure>\n\n\n\n<h4 class=\"wp-block-heading\"><strong>T&#8217;ho est\u00e0s perdent<\/strong><\/h4>\n\n\n\n<p><strong>Campa\u00f1a \u00abT&#8217;ho est\u00e0s perdent\u00bb dirigida al deporte femenino de Ripollet<\/strong><\/p>\n\n\n\n<figure class=\"wp-block-embed-youtube wp-block-embed is-type-video is-provider-youtube wp-embed-aspect-16-9 wp-has-aspect-ratio\"><div class=\"wp-block-embed__wrapper\">\n<iframe loading=\"lazy\" title=\"Campanya &quot;Tho est\u00e0s perdent&quot; - Ripollet\" width=\"580\" height=\"326\" src=\"https:\/\/www.youtube.com\/embed\/FFT8KWWbvAI?feature=oembed\" frameborder=\"0\" allow=\"accelerometer; autoplay; clipboard-write; encrypted-media; gyroscope; picture-in-picture; web-share\" referrerpolicy=\"strict-origin-when-cross-origin\" allowfullscreen><\/iframe>\n<\/div><\/figure>\n\n\n\n<h4 class=\"wp-block-heading\"><strong>Magic 3 de Tr\u00e9bol<\/strong><\/h4>\n\n\n\n<p class=\"has-text-align-left\"><strong>Video realizado para la \u00abEscuela de Magia 3 de Tr\u00e9bol\u00bb. <\/strong>         <strong>Acto de competencia Campeonato Metropolitano Kids 2020<\/strong><\/p>\n\n\n\n<figure class=\"wp-block-embed-youtube wp-block-embed is-type-video is-provider-youtube wp-embed-aspect-16-9 wp-has-aspect-ratio\"><div class=\"wp-block-embed__wrapper\">\n<iframe loading=\"lazy\" title=\"Acto de competencia Campeonato Metropolitano Kids 2020\" width=\"580\" height=\"326\" src=\"https:\/\/www.youtube.com\/embed\/DC9RY5g3_ic?feature=oembed\" frameborder=\"0\" allow=\"accelerometer; autoplay; clipboard-write; encrypted-media; gyroscope; picture-in-picture; web-share\" referrerpolicy=\"strict-origin-when-cross-origin\" allowfullscreen><\/iframe>\n<\/div><\/figure>\n\n\n\n<p class=\"has-text-align-left\"><strong>Video felicitaci\u00f3n navidad 2020<\/strong> <strong>para la \u00abEscuela de Magia 3 de Tr\u00e9bol\u00bb<\/strong><\/p>\n\n\n\n<figure class=\"wp-block-embed-youtube wp-block-embed is-type-video is-provider-youtube wp-embed-aspect-16-9 wp-has-aspect-ratio\"><div class=\"wp-block-embed__wrapper\">\n<iframe loading=\"lazy\" title=\"Video felicitaci\u00f3n navidad 2020\" width=\"580\" height=\"326\" src=\"https:\/\/www.youtube.com\/embed\/iYG6JZjvzVM?feature=oembed\" frameborder=\"0\" allow=\"accelerometer; autoplay; clipboard-write; encrypted-media; gyroscope; picture-in-picture; web-share\" referrerpolicy=\"strict-origin-when-cross-origin\" allowfullscreen><\/iframe>\n<\/div><\/figure>\n","protected":false},"excerpt":{"rendered":"<p>Marion, el cortometraje Un asesino&#8230;una verdad por descubrir. El mal nunca queda sin castigo. O s\u00ed&#8230;? Cortometraje producido por la compa\u00f1\u00eda de Lupe y Egrand Production films. \u00abAntes de dormir\u00bb. Es una serie, sobre misterios que a\u00fan contin\u00faan sin repuestas. Promo de la serie \u00abAntes de dormir\u00bb Episodio 1 En este primer cap\u00edtulo, tratamos el [&hellip;]<\/p>\n","protected":false},"author":1,"featured_media":202,"parent":0,"menu_order":0,"comment_status":"closed","ping_status":"closed","template":"","meta":{"footnotes":""},"class_list":["post-65","page","type-page","status-publish","has-post-thumbnail","hentry"],"yoast_head":"<!-- This site is optimized with the Yoast SEO plugin v15.1.1 - https:\/\/yoast.com\/wordpress\/plugins\/seo\/ -->\n<title>Galer\u00eda audiovisual - La Compa\u00f1ia de Lupe<\/title>\n<meta name=\"description\" content=\"Muestra de trabajos realizados por nuestra productora. Entre los multiples trabajos, destacamos la serie &quot;Antes de dormir&quot;.\" \/>\n<meta name=\"robots\" content=\"index, follow, max-snippet:-1, max-image-preview:large, max-video-preview:-1\" \/>\n<link rel=\"canonical\" href=\"https:\/\/lacompaniadelupe.com\/index.php\/galeria\/\" \/>\n<meta property=\"og:locale\" content=\"es_ES\" \/>\n<meta property=\"og:type\" content=\"article\" \/>\n<meta property=\"og:title\" content=\"Galer\u00eda audiovisual - La Compa\u00f1ia de Lupe\" \/>\n<meta property=\"og:description\" content=\"Muestra de trabajos realizados por nuestra productora. Entre los multiples trabajos, destacamos la serie &quot;Antes de dormir&quot;.\" \/>\n<meta property=\"og:url\" content=\"https:\/\/lacompaniadelupe.com\/index.php\/galeria\/\" \/>\n<meta property=\"og:site_name\" content=\"La Compa\u00f1ia de Lupe\" \/>\n<meta property=\"article:publisher\" content=\"https:\/\/www.facebook.com\/lacompaniadelupe\/\" \/>\n<meta property=\"article:modified_time\" content=\"2022-06-05T15:19:30+00:00\" \/>\n<meta property=\"og:image\" content=\"https:\/\/lacompaniadelupe.com\/wp-content\/uploads\/2020\/10\/camara.jpg\" \/>\n\t<meta property=\"og:image:width\" content=\"510\" \/>\n\t<meta property=\"og:image:height\" content=\"340\" \/>\n<meta name=\"twitter:card\" content=\"summary_large_image\" \/>\n<meta name=\"twitter:description\" content=\"Muestra de trabajos realizados por nuestra productora. Entre los multiples trabajos, destacamos la serie &quot;Antes de dormir&quot;.\" \/>\n<meta name=\"twitter:image\" content=\"https:\/\/lacompaniadelupe.com\/wp-content\/uploads\/2020\/10\/camara.jpg\" \/>\n<script type=\"application\/ld+json\" class=\"yoast-schema-graph\">{\"@context\":\"https:\/\/schema.org\",\"@graph\":[{\"@type\":\"Organization\",\"@id\":\"https:\/\/lacompaniadelupe.com\/#organization\",\"name\":\"La Compa\\u00f1ia de Lupe\",\"url\":\"https:\/\/lacompaniadelupe.com\/\",\"sameAs\":[\"https:\/\/www.facebook.com\/lacompaniadelupe\/\",\"https:\/\/www.youtube.com\/channel\/UCd0RzECLfuVDtvf2xhSRvXA\"],\"logo\":{\"@type\":\"ImageObject\",\"@id\":\"https:\/\/lacompaniadelupe.com\/#logo\",\"inLanguage\":\"es\",\"url\":\"https:\/\/lacompaniadelupe.com\/wp-content\/uploads\/2020\/10\/logo-e1602354555723.png\",\"width\":400,\"height\":270,\"caption\":\"La Compa\\u00f1ia de Lupe\"},\"image\":{\"@id\":\"https:\/\/lacompaniadelupe.com\/#logo\"}},{\"@type\":\"WebSite\",\"@id\":\"https:\/\/lacompaniadelupe.com\/#website\",\"url\":\"https:\/\/lacompaniadelupe.com\/\",\"name\":\"La Compa\\u00f1ia de Lupe\",\"description\":\"\",\"publisher\":{\"@id\":\"https:\/\/lacompaniadelupe.com\/#organization\"},\"potentialAction\":[{\"@type\":\"SearchAction\",\"target\":\"https:\/\/lacompaniadelupe.com\/?s={search_term_string}\",\"query-input\":\"required name=search_term_string\"}],\"inLanguage\":\"es\"},{\"@type\":\"ImageObject\",\"@id\":\"https:\/\/lacompaniadelupe.com\/index.php\/galeria\/#primaryimage\",\"inLanguage\":\"es\",\"url\":\"https:\/\/lacompaniadelupe.com\/wp-content\/uploads\/2020\/10\/camara.jpg\",\"width\":510,\"height\":340},{\"@type\":\"WebPage\",\"@id\":\"https:\/\/lacompaniadelupe.com\/index.php\/galeria\/#webpage\",\"url\":\"https:\/\/lacompaniadelupe.com\/index.php\/galeria\/\",\"name\":\"Galer\\u00eda audiovisual - La Compa\\u00f1ia de Lupe\",\"isPartOf\":{\"@id\":\"https:\/\/lacompaniadelupe.com\/#website\"},\"primaryImageOfPage\":{\"@id\":\"https:\/\/lacompaniadelupe.com\/index.php\/galeria\/#primaryimage\"},\"datePublished\":\"2020-10-10T19:34:28+00:00\",\"dateModified\":\"2022-06-05T15:19:30+00:00\",\"description\":\"Muestra de trabajos realizados por nuestra productora. Entre los multiples trabajos, destacamos la serie \\\"Antes de dormir\\\".\",\"inLanguage\":\"es\",\"potentialAction\":[{\"@type\":\"ReadAction\",\"target\":[\"https:\/\/lacompaniadelupe.com\/index.php\/galeria\/\"]}]}]}<\/script>\n<!-- \/ Yoast SEO plugin. -->","_links":{"self":[{"href":"https:\/\/lacompaniadelupe.com\/index.php\/wp-json\/wp\/v2\/pages\/65","targetHints":{"allow":["GET"]}}],"collection":[{"href":"https:\/\/lacompaniadelupe.com\/index.php\/wp-json\/wp\/v2\/pages"}],"about":[{"href":"https:\/\/lacompaniadelupe.com\/index.php\/wp-json\/wp\/v2\/types\/page"}],"author":[{"embeddable":true,"href":"https:\/\/lacompaniadelupe.com\/index.php\/wp-json\/wp\/v2\/users\/1"}],"replies":[{"embeddable":true,"href":"https:\/\/lacompaniadelupe.com\/index.php\/wp-json\/wp\/v2\/comments?post=65"}],"version-history":[{"count":25,"href":"https:\/\/lacompaniadelupe.com\/index.php\/wp-json\/wp\/v2\/pages\/65\/revisions"}],"predecessor-version":[{"id":282,"href":"https:\/\/lacompaniadelupe.com\/index.php\/wp-json\/wp\/v2\/pages\/65\/revisions\/282"}],"wp:featuredmedia":[{"embeddable":true,"href":"https:\/\/lacompaniadelupe.com\/index.php\/wp-json\/wp\/v2\/media\/202"}],"wp:attachment":[{"href":"https:\/\/lacompaniadelupe.com\/index.php\/wp-json\/wp\/v2\/media?parent=65"}],"curies":[{"name":"wp","href":"https:\/\/api.w.org\/{rel}","templated":true}]}}